ded by 24.
3
What is the remainder when 342 is divided by 51?
36
What is the remainder when 413 is divided by 6?
5
What is the remainder when 374 is divided by 18?
14
What is the remainder when 4459 is divided by 223?
222
Calculate the remainder when 139 is divided by 21.
13
Calculate the remainder when 350 is divided by 48.
14
Calculate the remainder when 3191 is divided by 15.
11
What is the remainder when 2332 is divided by 232?
12
Calculate the remainder when 7247 is divided by 12.
11
Calculate the remainder when 180 is divided by 56.
12
What is the remainder when 439 is divided by 112?
103
Calculate the remainder when 286 is divided by 54.
16
What is the remainder when 716 is divided by 676?
40
What is the remainder when 123 is divided by 32?
27
What is the remainder when 505 is divided by 103?
93
Calculate the remainder when 2159 is divided by 80.
79
What is the remainder when 491 is divided by 25?
16
What is the remainder when 751 is divided by 246?
13
Calculate the remainder when 195 is divided by 25.
20
Calculate the remainder when 450 is divided by 120.
90
Calculate the remainder when 31 is divided by 4.
3
What is the remainder when 587 is divided by 121?
103
What is the remainder when 93 is divided by 10?
3
What is the remainder when 66 is divided by 34?
32
What is the remainder when 47 is divided by 1?
0
What is the remainder when 1663 is divided by 208?
207
What is the remainder when 622 is divided by 148?
30
Calculate the remainder when 275 is divided by 12.
11
Calculate the remainder when 1886 is divided by 414.
230
Calculate the remainder when 865 is divided by 7.
4
Calculate the remainder when 313 is divided by 25.
13
What is the remainder when 811 is divided by 38?
13
What is the remainder when 477 is divided by 60?
57
Calculate the remainder when 77 is divided by 53.
24
What is the remainder when 839 is divided by 42?
41
Calculate the remainder when 33884 is divided by 135.
134
Calculate the remainder when 512 is divided by 35.
22
Calculate the remainder when 30 is divided by 10.
0
What is the remainder when 187 is divided by 60?
7
Calculate the remainder when 286 is divided by 13.
0
Calculate the remainder when 779 is divided by 385.
9
Calculate the remainder when 267 is divided by 16.
11
What is the remainder when 3092 is divided by 14?
12
Calculate the remainder when 278 is divided by 37.
19
What is the remainder when 69 is divided by 20?
9
Calculate the remainder when 277 is divided by 22.
13
What is the remainder when 44 is divided by 9?
8
Calculate the remainder when 1177 is divided by 19.
18
What is the remainder when 30 is divided by 27?
3
What is the remainder when 6746 is divided by 104?
90
Calculate the remainder when 12318 is divided by 56.
54
Calculate the remainder when 156 is divided by 40.
36
What is the remainder when 2076 is divided by 691?
3
Calculate the remainder when 83 is divided by 35.
13
Calculate the remainder when 2456 is divided by 20.
16
Calculate the remainder when 1069 is divided by 21.
19
Calculate the remainder when 137 is divided by 14.
11
What is the remainder when 2950 is divided by 15?
10
Calculate the remainder when 1192 is divided by 172.
160
Calculate the remainder when 369 is divided by 6.
3
Calculate the remainder when 194 is divided by 27.
5
Calculate the remainder when 20 is divided by 19.
1
Calculate the remainder when 140 is divided by 19.
7
What is the remainder when 2800 is divided by 80?
0
Calculate the remainder when 1757 is divided by 27.
2
What is the remainder when 2753 is divided by 5?
3
Calculate the remainder when 1022 is divided by 64.
62
What is the remainder when 5511 is divided by 36?
3
Calculate the remainder when 498 is divided by 75.
48
What is the remainder when 8153 is divided by 35?
33
What is the remainder when 1276 is divided by 117?
106
Calculate the remainder when 625 is divided by 46.
27
Calculate the remainder when 17 is divided by 1.
0
What is the remainder when 986 is divided by 142?
134
Calculate the remainder when 63 is divided by 13.
11
Calculate the remainder when 2681 is divided by 2681.
0
What is the remainder when 1868 is divided by 36?
32
What is the remainder when 63 is divided by 51?
12
What is the remainder when 33 is divided by 21?
12
What is the remainder when 492 is divided by 218?
56
Calculate the remainder when 5213 is divided by 16.
13
Calculate the remainder when 337 is divided by 32.
17
What is the remainder when 442 is divided by 56?
50
What is the remainder when 3776 is divided by 36?
32
Calculate the remainder when 14160 is divided by 17.
16
What is the remainder when 115 is divided by 30?
25
What is the remainder when 445 is divided by 79?
50
What is the remainder when 180 is divided by 53?
21
What is the remainder when 213 is divided by 181?
32
What is the remainder when 8116 is divided by 62?
56
Calculate the remainder when 778 is divided by 60.
58
Calculate the remainder when 6729 is divided by 91.
86
What is the remainder when 461 is divided by 52?
45
What is the remainder when 20 is divided by 7?
6
What is the remainder when 663 is divided by 72?
15
What is the remainder when 496 is divided by 99?
1
Calculate the remainder when 13687 is divided by 58.
57
What is the remainder when 964 is divided by 49?
33
Calculate the remainder when 1262 is divided by 23.
20
What is the remainder when 185 is divided by 62?
61
Calculate the remainder when 7374 is divided by 41.
35
Calculate the remainder when 4690 is divided by 174.
166
Calculate the remainder when 242 is divided by 31.
25
What is the remainder when 429 is divided by 21?
9
What is the remainder when 50 is divided by 18?
14
What is the remainder when 288 is divided by 137?
14
Calculate the remainder when 23 is divided by 19.
4
Calculate the remainder when 224 is divided by 76.
72
Calculate the remainder when 268 is divided by 45.
43
Calculate the remainder when 246 is divided by 72.
30
What is the remainder when 447 is divided by 6?
3
What is the remainder when 2496 is divided by 49?
46
Calculate the remainder when 176 is divided by 89.
87
What is the remainder when 74 is divided by 11?
8
What is the remainder when 10913 is divided by 59?
57
Calculate the remainder when 389 is divided by 78.
77
What is the remainder when 54 is divided by 27?
0
Calculate the remainder when 848 is divided by 17.
15
What is the remainder when 94 is divided by 26?
16
What is the remainder when 189 is divided by 48?
45
What is the remainder when 1042 is divided by 514?
14
Calculate the remainder when 6684 is divided by 88.
84
Calculate the remainder when 1708 is divided by 125.
83
What is the remainder when 277 is divided by 19?
11
Calculate the remainder when 77 is divided by 8.
5
Calculate the remainder when 637 is divided by 67.
34
What is the remainder when 849 is divided by 50?
49
What is the remainder when 132 is divided by 36?
24
Calculate the remainder when 140 is divided by 72.
68
Calculate the remainder when 124 is divided by 16.
12
Calculate the remainder when 766 is divided by 129.
121
Calculate the remainder when 430 is divided by 214.
2
What is the remainder when 2692 is divided by 19?
13
What is the remainder when 58580 is divided by 34?
32
Calculate the remainder when 143 is divided by 69.
5
Calculate the remainder when 1748 is divided by 134.
6
Calculate the remainder when 761 is divided by 337.
87
What is the remainder when 906 is divided by 30?
6
Calculate the remainder when 493 is divided by 102.
85
What is the remainder when 2015 is divided by 21?
20
Calculate the remainder when 1662 is divided by 16.
14
What is the remainder when 3652 is divided by 63?
61
Calculate the remainder when 306 is divided by 6.
0
Calculate the remainder when 734 is divided by 67.
64
Calculate the remainder when 435 is divided by 21.
15
What is the remainder when 74 is divided by 15?
14
Calculate the remainder when 338 is divided by 10.
8
Calculate the remainder when 19 is divided by 19.
0
Calculate the remainder when 4393 is divided by 83.
77
What is the remainder when 382 is divided by 199?
183
Calculate the remainder when 43 is divided by 16.
11
What is the remainder when 91 is divided by 74?
17
What is the remainder when 1697 is divided by 46?
41
What is the remainder when 469 is divided by 